q(o).
3, 11
Let t = 67 + -41. List the prime factors of (-4)/t - (-665)/13.
3, 17
Suppose 6*m + 1340 = 2*m. Let h = -227 - m. List the prime factors of h.
2, 3
Suppose -2*b - b - 6 = -2*o, 5*b = -o + 3. Suppose -o*x + 182 = 3*v + 8, -2*v + 116 = 5*x. What are the prime factors of v?
2, 29
Let i = -515 - -1662. What are the prime factors of i?
31, 37
Let d = 64 - 77. Let i = 105 + d. List the prime factors of i.
2, 23
Suppose -4*o = -k + 72, 4*o + 0*o + 148 = 2*k. Let w = -43 + k. List the prime factors of w.
3, 11
Suppose -4*z - 3*z + 1659 = 0. Suppose -3*b + 27 = -z. List the prime factors of b.
2, 11
Let n = 1664 - 1474. What are the prime factors of n?
2, 5, 19
Let x(b) be the first derivative of 5*b + b**3 - 1 - 5/2*b**2. List the prime factors of x(3).
17
Let k = 1173 - -94. What are the prime factors of k?
7, 181
Let k = 879 + -359. What are the prime factors of k?
2, 5, 13
Let k be 3/1 + (6 - 5). Suppose -k*f - 10 = -22. What are the prime factors of ((-18)/4)/(f/(-18))?
3
What are the prime factors of (-7044)/(-20)*(-20)/(-6)?
2, 587
Let v be (-4)/(-5) - (-58)/(-10). List the prime factors of (134/(-4))/(v/10).
67
Suppose 12*w = 15*w + 39. Let j = w - -16. Suppose -2*x + y = -21, -5*x = j*y - 7 - 18. List the prime factors of x.
2
List the prime factors of (3 - (-6 + -123))/((-6)/(-4)).
2, 11
Let q = -319 + 933. What are the prime factors of q?
2, 307
Let c(s) = -10*s. Let k(b) = -1. Let x(m) = c(m) - 6*k(m). What are the prime factors of x(-6)?
2, 3, 11
Suppose 0 = -2*k - 6, -5*k + 406 + 751 = 4*r. What are the prime factors of r?
293
Let p(q) = -109*q**3 + 7*q**2 + 14*q + 12. What are the prime factors of p(-3)?
2, 3, 31
Suppose -18 = -12*b + 3*b. Suppose 4*w - 57 = 4*n - 197, -3*w + 80 = b*n. What are the prime factors of n?
37
Let z(i) = i**2 + 3*i - 4. Suppose 0 = 4*g - 5*a - 1 + 42, g = -5*a + 21. Let v be z(g). Suppose v = 5*j - 56 - 24. What are the prime factors of j?
2
Suppose -19*p + 24 = -7*p. Suppose -255 = -5*t - 5*m + 325, 0 = t + p*m - 120. What are the prime factors of t?
2, 7
Suppose -2*b - b - 947 = 5*l, 3*l + 1259 = -4*b. List the prime factors of (-6)/12 - b/4.
2, 3, 13
Suppose 5*f = 5*a - 989 - 1591, 4*f = 2*a - 1028. List the prime factors of a.
2, 7, 37
Suppose -3*y - 4*u + 5002 = 0, 6*u - 5*u = -5*y + 8348. What are the prime factors of y?
2, 5, 167
Suppose -5*l + 6 = -19. Suppose -4*q - l*o + 11 = -2*o, 4*q + 5*o - 13 = 0. List the prime factors of (q/(-6))/((-10)/420).
2, 7
Let j(h) = h**3 - 13*h**2 - 26*h + 77. List the prime factors of j(18).
1229
Let p be 8/(-6)*399/(-76). Suppose -10*a = -p*a - 60. What are the prime factors of a?
2, 5
Let p(t) = -t**3 + 5*t**2 + 6*t + 4. Let y be p(6). Suppose y = 3*i - 11. Suppose -2*m + 65 = -i*w, w = -3*m - w + 69. What are the prime factors of m?
5
Let l = -93 - -44. What are the prime factors of (168/l)/((-2)/14)?
2, 3
Suppose 3*h = 2*m + 7*h + 4, 2*m - 4*h = 12. Let t(z) = -z**3 + z**2 + 4*z - 3. Let b be t(m). List the prime factors of b/2 + 287/14.
3, 7
Let y(k) = k**2 - 3*k + 2. Let z be y(2). Suppose 3*c - 126 = -z*c. What are the prime factors of c?
2, 3, 7
Suppose -z - 6 = 5*b - 3*b, 5*z + 52 = b. Let s(l) be the second derivative of l**4/6 + 8*l**3/3 + 6*l**2 + 4*l. List the prime factors of s(z).
2, 13
Let t(i) = i + 10. Suppose -u = 2*j + 14, -27 + 1 = 4*j + 3*u. Let z be t(j). Suppose -2*a + 20 + 10 = -z*k, -4*a + 68 = -2*k. List the prime factors of a.
19
Let y = -677 + 1048. List the prime factors of y.
7, 53
Let c(a) = -a**3 + 2*a**2 + 7*a - 7. Let h(m) = -3*m**3 + 4*m**2 + 14*m - 14. Let n(b) = -9*c(b) + 4*h(b). What are the prime factors of n(-4)?
3, 5, 13
Suppose 3117 = -2*b - 1771. What are the prime factors of b/(-39) - (-4)/(-6)?
2, 31
Suppose -5*u = -30 + 10. Suppose 2*k + 3*k - 2*b - 190 = 0, u*b + 20 = 0. Suppose -10 + k = a. List the prime factors of a.
2, 13
Let h be -3 - -4 - (6 - -1)*-1. Suppose -5*o - 10 = 5, 0 = -5*f + 5*o + 45. Suppose f*m - h = 4. List the prime factors of m.
2
Let c = 424 - 288. Suppose 724 = -c*v + 140*v. What are the prime factors of v?
181
Let o(h) = -h**3 - 6*h**2 - 2*h - 4. Let p(v) = v - 1. Let s be ((-30)/4)/3*2. Let i be p(s). List the prime factors of o(i).
2
Let n(h) = h**2 - 2*h + 3. Let b be n(1). Suppose b*u = -12 + 82. List the prime factors of u.
5, 7
Suppose 0 = -18*p + 22*p - 6436. List the prime factors of p.
1609
Let g = -883 - -1247. What are the prime factors of g?
2, 7, 13
Let u = -6964 - -10064. List the prime factors of u.
2, 5, 31
Let z(d) = -d**2 - 4*d + 95. What are the prime factors of z(-10)?
5, 7
What are the prime factors of 31056/22 - (-196)/539?
2, 353
Let l(r) = 468*r**2 + 2*r + 2. List the prime factors of l(-1).
2, 3, 13
List the prime factors of (6820 - 72)*2/7.
2, 241
What are the prime factors of 116/406 + (-1)/((-7)/4247)?
607
Suppose -170*l = -177*l + 5355. What are the prime factors of l?
3, 5, 17
Let l = 365 - 208. Suppose 0 = 3*o - 4*i - l, 3*i = -o + 2*o - 54. What are the prime factors of o?
3, 17
Let h(s) = -6*s**2 - 3*s - 3. Let p be h(-2). Let t(n) = -n**3 - 16*n**2 + 36. Let q be t(-16). Let k = p + q. List the prime factors of k.
3, 5
Let p be (-5391)/(-63) - 6/(-14). Suppose 2*x = -2*l + p, 5*x - 3*l - 182 - 33 = 0. What are the prime factors of x?
43
Let o = -1019 + 5223. What are the prime factors of o?
2, 1051
Let t(r) = r**3 - 4*r**2 + 2*r + 1. Let z(h) = 4*h**2 - h - 1. Let o be z(-1). Let i be t(o). Suppose u - 6 - i = 0. List the prime factors of u.
3, 5
Suppose 4*a - 9*a = -65. Let p(h) = -a - 3*h - 4*h + 3*h. What are the prime factors of p(-7)?
3, 5
Let z be ((-76)/3 + 0)*3. Let v(y) = y**2 + 29*y + 172. Let n be v(-10). Let d = n - z. List the prime factors of d.
2, 29
Suppose w - 1557 = -564. List the prime factors of w.
3, 331
Let d(p) = -189*p - 656. What are the prime factors of d(-8)?
2, 107
Let y(f) = 3*f**2 + 33*f - 24. What are the prime factors of y(-36)?
2, 3, 223
Suppose -4*r + 725 - 281 = 0. Let n = 61 - r. Let b = 79 + n. What are the prime factors of b?
29
Let s = 46 - -380. List the prime factors of s.
2, 3, 71
Let n(c) = 2*c**3 - c**3 + 0*c - 2*c - 8*c**2 + 0*c + 3. Let o be n(9). List the prime factors of 2/11 - (-384)/o.
2, 3
Let t(d) = d**2 + 4*d - 2. Let l be t(-5). Let w be -42*(9/l)/(-3). Let y = -24 + w. What are the prime factors of y?
2, 3
Suppose -3*y = y. Suppose -2 = 4*m + 6, -2*m + 228 = 4*l. Suppose -3*t + 5*f = -y*f - l, -5*t - 5*f = -30. What are the prime factors of t?
11
Suppose 0*h - 4*h + 20 = 0. Suppose 14 - 59 = -h*d. List the prime factors of 249/d + (-2)/3.
3
Let j = 117 + -43. Suppose i = 2*i + j. Let d = i - -105. What are the prime factors of d?
31
Suppose -2*r - 2*z = -438, -5*r = 3*z - 729 - 374. Let q = r - 138. List the prime factors of q.
5, 17
Let q = -274 + 667. Suppose -q - 444 = -3*y. What are the prime factors of y?
3, 31
Suppose 0 = 4*z + 4. Let j(t) = 2*t. Let w be j(z). List the prime factors of (14 - 0)*(-3)/w.
3, 7
Suppose b - 129 = -2*r + 291, -r = 3*b - 215. Let g = r - 143. List the prime factors of g.
2, 3, 11
Suppose 21*w - 17470 - 4433 = 0. What are the prime factors of w?
7, 149
Suppose 5*q = 931 + 529. Suppose 6*x - q = 56. List the prime factors of x.
2, 29
Let w be 2/(-12)*-2*(-7 - -4). What are the prime factors of 74*(3/(-6))/w?
37
Suppose -24*a + 21650 = -13750. What are the prime factors of a?
5, 59
Let u be 0/(0 - (-1 + 2)). Let v(j) = j**2 + j. Let r be v(u). Let m(q) = q**2 + 13. List the prime factors of m(r).
13
Suppose 5*p + 2 = w, -4*w + 2*p - 5*p = -77. Let q(g) = -g + 5. Let y be q(-4). Let c = w + y. What are the prime factors of c?
2, 13
Let m be 1/2*-2*-5. Suppose -2*f + m = -7*f. What are the prime factors of 22 + ((-4)/2)/f?
2, 3
Suppose 3*b + 4*i + 212 = 0, 2*i = 5*b + 356 + 6. Let q = 28 - b. What are the prime factors of q?
2, 5
Suppose -129 = 4*v + 11. Let x(p) = -p**3 + 14*p**2 + 54*p + 15. Let d be x(17). Let s = d + v. List the prime factors of s.
31
Suppose -17*j + 1504 = -15*j. List the prime factors of j.
2, 47
Let b be (1 + 5 - 1)/((-92)/(-828)). Let y(l) = -14*l + 3. Let g be y(-4). Suppose 0 = w - 5*d - g, -w = -2*w - 2*d + b. What are the prime factors of w?
7
Suppose 0 = 4*m + 5*h + 13, 8*m - 4*h - 35 = 3*m. Let y be -2 + ((-9)/m - -1). Let g(n) = -5*n